{"id":918,"date":"2025-05-21T20:01:04","date_gmt":"2025-05-21T19:01:04","guid":{"rendered":"https:\/\/saludconcon.cl\/?page_id=918"},"modified":"2025-05-21T20:18:47","modified_gmt":"2025-05-21T19:18:47","slug":"servicios","status":"publish","type":"page","link":"https:\/\/saludconcon.cl\/index.php\/servicios\/","title":{"rendered":"Servicios"},"content":{"rendered":"\t\t<div data-elementor-type=\"wp-page\" data-elementor-id=\"918\" class=\"elementor elementor-918\" data-elementor-post-type=\"page\">\n\t\t\t\t<div class=\"elementor-element elementor-element-0d913f4 e-flex e-con-boxed e-con e-parent\" data-id=\"0d913f4\" data-element_type=\"container\">\n\t\t\t\t\t<div class=\"e-con-inner\">\n\t\t\t\t<div class=\"elementor-element elementor-element-cd37cfa elementor-widget elementor-widget-heading\" data-id=\"cd37cfa\" data-element_type=\"widget\" data-widget_type=\"heading.default\">\n\t\t\t\t<div class=\"elementor-widget-container\">\n\t\t\t\t\t<h2 class=\"elementor-heading-title elementor-size-default\">Telemedicina y Domicilios<\/h2>\t\t\t\t<\/div>\n\t\t\t\t<\/div>\n\t\t\t\t\t<\/div>\n\t\t\t\t<\/div>\n\t\t<div class=\"elementor-element elementor-element-2896552 e-flex e-con-boxed e-con e-parent\" data-id=\"2896552\" data-element_type=\"container\">\n\t\t\t\t\t<div class=\"e-con-inner\">\n\t\t<div class=\"elementor-element elementor-element-ad89c93 e-con-full e-flex e-con e-child\" data-id=\"ad89c93\" data-element_type=\"container\">\n\t\t\t\t<div class=\"elementor-element elementor-element-04beff4 elementor-widget elementor-widget-text-editor\" data-id=\"04beff4\" data-element_type=\"widget\" data-widget_type=\"text-editor.default\">\n\t\t\t\t<div class=\"elementor-widget-container\">\n\t\t\t\t\t\t\t\t\t<p>Contamos con un equipo de medicina, nutrici\u00f3n y matronas con atenciones v\u00eda Online y Domicilios en Conc\u00f3n y Vi\u00f1a del Mar.<\/p><p>Nuestro equipo cuenta con un compromiso de brindarte una atenci\u00f3n emp\u00e1tica, de calidad e integral en el momentos que nos necesites.\u00a0<\/p>\t\t\t\t\t\t\t\t<\/div>\n\t\t\t\t<\/div>\n\t\t<div class=\"elementor-element elementor-element-c3b2059 e-con-full e-flex e-con e-child\" data-id=\"c3b2059\" data-element_type=\"container\">\n\t\t\t\t<div class=\"elementor-element elementor-element-b4b6917 elementor-widget__width-initial elementor-widget elementor-widget-text-editor\" data-id=\"b4b6917\" data-element_type=\"widget\" data-widget_type=\"text-editor.default\">\n\t\t\t\t<div class=\"elementor-widget-container\">\n\t\t\t\t\t\t\t\t\t<h5>Agenda tu hora por WhatsApp<\/h5>\t\t\t\t\t\t\t\t<\/div>\n\t\t\t\t<\/div>\n\t\t\t\t<div class=\"elementor-element elementor-element-eda048b elementor-view-default elementor-widget elementor-widget-icon\" data-id=\"eda048b\" data-element_type=\"widget\" data-widget_type=\"icon.default\">\n\t\t\t\t<div class=\"elementor-widget-container\">\n\t\t\t\t\t\t\t<div class=\"elementor-icon-wrapper\">\n\t\t\t<a class=\"elementor-icon\" href=\"https:\/\/wa.me\/56975291093\">\n\t\t\t<svg aria-hidden=\"true\" class=\"e-font-icon-svg e-fab-whatsapp\" viewBox=\"0 0 448 512\" xmlns=\"http:\/\/www.w3.org\/2000\/svg\"><path d=\"M380.9 97.1C339 55.1 283.2 32 223.9 32c-122.4 0-222 99.6-222 222 0 39.1 10.2 77.3 29.6 111L0 480l117.7-30.9c32.4 17.7 68.9 27 106.1 27h.1c122.3 0 224.1-99.6 224.1-222 0-59.3-25.2-115-67.1-157zm-157 341.6c-33.2 0-65.7-8.9-94-25.7l-6.7-4-69.8 18.3L72 359.2l-4.4-7c-18.5-29.4-28.2-63.3-28.2-98.2 0-101.7 82.8-184.5 184.6-184.5 49.3 0 95.6 19.2 130.4 54.1 34.8 34.9 56.2 81.2 56.1 130.5 0 101.8-84.9 184.6-186.6 184.6zm101.2-138.2c-5.5-2.8-32.8-16.2-37.9-18-5.1-1.9-8.8-2.8-12.5 2.8-3.7 5.6-14.3 18-17.6 21.8-3.2 3.7-6.5 4.2-12 1.4-32.6-16.3-54-29.1-75.5-66-5.7-9.8 5.7-9.1 16.3-30.3 1.8-3.7.9-6.9-.5-9.7-1.4-2.8-12.5-30.1-17.1-41.2-4.5-10.8-9.1-9.3-12.5-9.5-3.2-.2-6.9-.2-10.6-.2-3.7 0-9.7 1.4-14.8 6.9-5.1 5.6-19.4 19-19.4 46.3 0 27.3 19.9 53.7 22.6 57.4 2.8 3.7 39.1 59.7 94.8 83.8 35.2 15.2 49 16.5 66.6 13.9 10.7-1.6 32.8-13.4 37.4-26.4 4.6-13 4.6-24.1 3.2-26.4-1.3-2.5-5-3.9-10.5-6.6z\"><\/path><\/svg>\t\t\t<\/a>\n\t\t<\/div>\n\t\t\t\t\t\t<\/div>\n\t\t\t\t<\/div>\n\t\t\t\t<\/div>\n\t\t<div class=\"elementor-element elementor-element-c9db8d9 e-con-full e-flex e-con e-child\" data-id=\"c9db8d9\" data-element_type=\"container\">\n\t\t\t\t<div class=\"elementor-element elementor-element-6f0d3c2 elementor-widget__width-initial elementor-widget elementor-widget-text-editor\" data-id=\"6f0d3c2\" data-element_type=\"widget\" data-widget_type=\"text-editor.default\">\n\t\t\t\t<div class=\"elementor-widget-container\">\n\t\t\t\t\t\t\t\t\t<h5>Conoce nuestros servicios de telemedicina y domicilios<\/h5>\t\t\t\t\t\t\t\t<\/div>\n\t\t\t\t<\/div>\n\t\t\t\t<div class=\"elementor-element elementor-element-cd98516 elementor-mobile-align-center elementor-widget elementor-widget-button\" data-id=\"cd98516\" data-element_type=\"widget\" data-widget_type=\"button.default\">\n\t\t\t\t<div class=\"elementor-widget-container\">\n\t\t\t\t\t\t\t\t\t<div class=\"elementor-button-wrapper\">\n\t\t\t\t\t<a class=\"elementor-button elementor-button-link elementor-size-md elementor-animation-grow\" href=\"https:\/\/saludconcon.cl\/index.php\/telemedicina-y-domicilios\/\">\n\t\t\t\t\t\t<span class=\"elementor-button-content-wrapper\">\n\t\t\t\t\t\t<span class=\"elementor-button-icon\">\n\t\t\t\t<svg aria-hidden=\"true\" class=\"e-font-icon-svg e-fas-arrow-right\" viewBox=\"0 0 448 512\" xmlns=\"http:\/\/www.w3.org\/2000\/svg\"><path d=\"M190.5 66.9l22.2-22.2c9.4-9.4 24.6-9.4 33.9 0L441 239c9.4 9.4 9.4 24.6 0 33.9L246.6 467.3c-9.4 9.4-24.6 9.4-33.9 0l-22.2-22.2c-9.5-9.5-9.3-25 .4-34.3L311.4 296H24c-13.3 0-24-10.7-24-24v-32c0-13.3 10.7-24 24-24h287.4L190.9 101.2c-9.8-9.3-10-24.8-.4-34.3z\"><\/path><\/svg>\t\t\t<\/span>\n\t\t\t\t\t\t\t\t\t<span class=\"elementor-button-text\">m\u00e1s info<\/span>\n\t\t\t\t\t<\/span>\n\t\t\t\t\t<\/a>\n\t\t\t\t<\/div>\n\t\t\t\t\t\t\t\t<\/div>\n\t\t\t\t<\/div>\n\t\t\t\t<\/div>\n\t\t\t\t<\/div>\n\t\t<div class=\"elementor-element elementor-element-9549f96 e-con-full e-flex e-con e-child\" data-id=\"9549f96\" data-element_type=\"container\">\n\t\t\t\t<div class=\"elementor-element elementor-element-1694c84 elementor-widget elementor-widget-image\" data-id=\"1694c84\" data-element_type=\"widget\" data-widget_type=\"image.default\">\n\t\t\t\t<div class=\"elementor-widget-container\">\n\t\t\t\t\t\t\t\t\t\t\t\t\t\t\t<img fetchpriority=\"high\" decoding=\"async\" width=\"525\" height=\"656\" src=\"https:\/\/saludconcon.cl\/wp-content\/uploads\/2025\/05\/WhatsApp-Image-2025-05-11-at-14.45.40-819x1024.jpeg\" class=\"attachment-large size-large wp-image-920\" alt=\"\" srcset=\"https:\/\/saludconcon.cl\/wp-content\/uploads\/2025\/05\/WhatsApp-Image-2025-05-11-at-14.45.40-819x1024.jpeg 819w, https:\/\/saludconcon.cl\/wp-content\/uploads\/2025\/05\/WhatsApp-Image-2025-05-11-at-14.45.40-240x300.jpeg 240w, https:\/\/saludconcon.cl\/wp-content\/uploads\/2025\/05\/WhatsApp-Image-2025-05-11-at-14.45.40-768x960.jpeg 768w, https:\/\/saludconcon.cl\/wp-content\/uploads\/2025\/05\/WhatsApp-Image-2025-05-11-at-14.45.40.jpeg 1080w\" sizes=\"(max-width: 525px) 100vw, 525px\" \/>\t\t\t\t\t\t\t\t\t\t\t\t\t\t\t<\/div>\n\t\t\t\t<\/div>\n\t\t\t\t<\/div>\n\t\t\t\t\t<\/div>\n\t\t\t\t<\/div>\n\t\t<div class=\"elementor-element elementor-element-9c801a2 e-flex e-con-boxed e-con e-parent\" data-id=\"9c801a2\" data-element_type=\"container\">\n\t\t\t\t\t<div class=\"e-con-inner\">\n\t\t\t\t<div class=\"elementor-element elementor-element-cf7aebc elementor-widget elementor-widget-spacer\" data-id=\"cf7aebc\" data-element_type=\"widget\" data-widget_type=\"spacer.default\">\n\t\t\t\t<div class=\"elementor-widget-container\">\n\t\t\t\t\t\t\t<div class=\"elementor-spacer\">\n\t\t\t<div class=\"elementor-spacer-inner\"><\/div>\n\t\t<\/div>\n\t\t\t\t\t\t<\/div>\n\t\t\t\t<\/div>\n\t\t\t\t\t<\/div>\n\t\t\t\t<\/div>\n\t\t<div class=\"elementor-element elementor-element-7441bc1 e-flex e-con-boxed e-con e-parent\" data-id=\"7441bc1\" data-element_type=\"container\">\n\t\t\t\t\t<div class=\"e-con-inner\">\n\t\t\t\t<div class=\"elementor-element elementor-element-8cbad7c elementor-widget elementor-widget-heading\" data-id=\"8cbad7c\" data-element_type=\"widget\" data-widget_type=\"heading.default\">\n\t\t\t\t<div class=\"elementor-widget-container\">\n\t\t\t\t\t<h2 class=\"elementor-heading-title elementor-size-default\">Planes Nutricionales y Deportivos<\/h2>\t\t\t\t<\/div>\n\t\t\t\t<\/div>\n\t\t\t\t\t<\/div>\n\t\t\t\t<\/div>\n\t\t<div class=\"elementor-element elementor-element-51c0421 e-flex e-con-boxed e-con e-parent\" data-id=\"51c0421\" data-element_type=\"container\">\n\t\t\t\t\t<div class=\"e-con-inner\">\n\t\t<div class=\"elementor-element elementor-element-ed10758 e-con-full e-flex e-con e-child\" data-id=\"ed10758\" data-element_type=\"container\">\n\t\t\t\t<div class=\"elementor-element elementor-element-8a40716 elementor-widget elementor-widget-text-editor\" data-id=\"8a40716\" data-element_type=\"widget\" data-widget_type=\"text-editor.default\">\n\t\t\t\t<div class=\"elementor-widget-container\">\n\t\t\t\t\t\t\t\t\t<h4 class=\"p1\"><b>Transforma tu salud con planes dise\u00f1ados por un m\u00e9dico especialista<\/b><\/h4>\t\t\t\t\t\t\t\t<\/div>\n\t\t\t\t<\/div>\n\t\t\t\t<div class=\"elementor-element elementor-element-48723e8 elementor-widget elementor-widget-text-editor\" data-id=\"48723e8\" data-element_type=\"widget\" data-widget_type=\"text-editor.default\">\n\t\t\t\t<div class=\"elementor-widget-container\">\n\t\t\t\t\t\t\t\t\t<p class=\"p1\">Planes personalizados de nutrici\u00f3n y ejercicio basados en tu realidad m\u00e9dica, tiempos y objetivos.<\/p>\t\t\t\t\t\t\t\t<\/div>\n\t\t\t\t<\/div>\n\t\t\t\t<div class=\"elementor-element elementor-element-261953d elementor-widget elementor-widget-text-editor\" data-id=\"261953d\" data-element_type=\"widget\" data-widget_type=\"text-editor.default\">\n\t\t\t\t<div class=\"elementor-widget-container\">\n\t\t\t\t\t\t\t\t\t<blockquote><b>\u00bfPoco tiempo? \u00bfMucho estr\u00e9s? No est\u00e1s solo.<\/b><b><\/b><\/blockquote><blockquote>En la vida agitada de hoy, muchos creen que basta con salir a trotar o comer solo ensaladas para bajar de peso.<\/blockquote><blockquote>Pero la realidad no es tan simple\u2026<\/blockquote><blockquote><span class=\"s1\">Como m\u00e9dico y entrenador, te ense\u00f1o que <\/span><b>una buena estrategia no se basa en sacrificios extremos<\/b><span class=\"s1\">, sino en <\/span><b>planes inteligentes, adaptados a tu cuerpo, tus tiempos y tus gustos<\/b><span class=\"s1\">.<\/span><\/blockquote><blockquote>\ud83d\udca1 Entrena mejor. Come mejor. Vive mejor.<\/blockquote><blockquote>Conoce nuestros planes dise\u00f1ados para personas reales como t\u00fa.<\/blockquote>\t\t\t\t\t\t\t\t<\/div>\n\t\t\t\t<\/div>\n\t\t<div class=\"elementor-element elementor-element-2734457 e-con-full e-flex e-con e-child\" data-id=\"2734457\" data-element_type=\"container\">\n\t\t\t\t<div class=\"elementor-element elementor-element-e0fb080 elementor-widget__width-initial elementor-widget elementor-widget-text-editor\" data-id=\"e0fb080\" data-element_type=\"widget\" data-widget_type=\"text-editor.default\">\n\t\t\t\t<div class=\"elementor-widget-container\">\n\t\t\t\t\t\t\t\t\t<h6>M\u00e1s informaci\u00f3n en el instagram @medicoentrena\u00a0<\/h6>\t\t\t\t\t\t\t\t<\/div>\n\t\t\t\t<\/div>\n\t\t\t\t<div class=\"elementor-element elementor-element-532a6c2 elementor-view-default elementor-widget elementor-widget-icon\" data-id=\"532a6c2\" data-element_type=\"widget\" data-widget_type=\"icon.default\">\n\t\t\t\t<div class=\"elementor-widget-container\">\n\t\t\t\t\t\t\t<div class=\"elementor-icon-wrapper\">\n\t\t\t<div class=\"elementor-icon\">\n\t\t\t<svg aria-hidden=\"true\" class=\"e-font-icon-svg e-fas-arrow-circle-right\" viewBox=\"0 0 512 512\" xmlns=\"http:\/\/www.w3.org\/2000\/svg\"><path d=\"M256 8c137 0 248 111 248 248S393 504 256 504 8 393 8 256 119 8 256 8zm-28.9 143.6l75.5 72.4H120c-13.3 0-24 10.7-24 24v16c0 13.3 10.7 24 24 24h182.6l-75.5 72.4c-9.7 9.3-9.9 24.8-.4 34.3l11 10.9c9.4 9.4 24.6 9.4 33.9 0L404.3 273c9.4-9.4 9.4-24.6 0-33.9L271.6 106.3c-9.4-9.4-24.6-9.4-33.9 0l-11 10.9c-9.5 9.6-9.3 25.1.4 34.4z\"><\/path><\/svg>\t\t\t<\/div>\n\t\t<\/div>\n\t\t\t\t\t\t<\/div>\n\t\t\t\t<\/div>\n\t\t\t\t<div class=\"elementor-element elementor-element-65fb4ae elementor-widget__width-initial elementor-widget elementor-widget-image\" data-id=\"65fb4ae\" data-element_type=\"widget\" data-widget_type=\"image.default\">\n\t\t\t\t<div class=\"elementor-widget-container\">\n\t\t\t\t\t\t\t\t\t\t\t\t\t\t\t\t<a href=\"https:\/\/www.instagram.com\/medicoentrena\/\">\n\t\t\t\t\t\t\t<img decoding=\"async\" width=\"150\" height=\"150\" src=\"https:\/\/saludconcon.cl\/wp-content\/uploads\/2024\/10\/instagram-icon-150x150.png\" class=\"attachment-thumbnail size-thumbnail wp-image-669\" alt=\"\" srcset=\"https:\/\/saludconcon.cl\/wp-content\/uploads\/2024\/10\/instagram-icon-150x150.png 150w, https:\/\/saludconcon.cl\/wp-content\/uploads\/2024\/10\/instagram-icon-300x300.png 300w, https:\/\/saludconcon.cl\/wp-content\/uploads\/2024\/10\/instagram-icon-1024x1024.png 1024w, https:\/\/saludconcon.cl\/wp-content\/uploads\/2024\/10\/instagram-icon-768x768.png 768w, https:\/\/saludconcon.cl\/wp-content\/uploads\/2024\/10\/instagram-icon-100x100.png 100w, https:\/\/saludconcon.cl\/wp-content\/uploads\/2024\/10\/instagram-icon.png 1255w\" sizes=\"(max-width: 150px) 100vw, 150px\" \/>\t\t\t\t\t\t\t\t<\/a>\n\t\t\t\t\t\t\t\t\t\t\t\t\t\t\t<\/div>\n\t\t\t\t<\/div>\n\t\t\t\t<\/div>\n\t\t<div class=\"elementor-element elementor-element-bd8ef01 e-con-full e-flex e-con e-child\" data-id=\"bd8ef01\" data-element_type=\"container\">\n\t\t\t\t<div class=\"elementor-element elementor-element-5bc89b0 elementor-widget__width-initial elementor-widget elementor-widget-text-editor\" data-id=\"5bc89b0\" data-element_type=\"widget\" data-widget_type=\"text-editor.default\">\n\t\t\t\t<div class=\"elementor-widget-container\">\n\t\t\t\t\t\t\t\t\t<h4>Revisa nuestros planes<\/h4>\t\t\t\t\t\t\t\t<\/div>\n\t\t\t\t<\/div>\n\t\t\t\t<div class=\"elementor-element elementor-element-3ea1ce8 elementor-mobile-align-center elementor-widget elementor-widget-button\" data-id=\"3ea1ce8\" data-element_type=\"widget\" data-widget_type=\"button.default\">\n\t\t\t\t<div class=\"elementor-widget-container\">\n\t\t\t\t\t\t\t\t\t<div class=\"elementor-button-wrapper\">\n\t\t\t\t\t<a class=\"elementor-button elementor-button-link elementor-size-md elementor-animation-grow\" href=\"https:\/\/saludconcon.cl\/index.php\/planes-nutricionales-y-deportivos\/\">\n\t\t\t\t\t\t<span class=\"elementor-button-content-wrapper\">\n\t\t\t\t\t\t<span class=\"elementor-button-icon\">\n\t\t\t\t<svg aria-hidden=\"true\" class=\"e-font-icon-svg e-fas-arrow-right\" viewBox=\"0 0 448 512\" xmlns=\"http:\/\/www.w3.org\/2000\/svg\"><path d=\"M190.5 66.9l22.2-22.2c9.4-9.4 24.6-9.4 33.9 0L441 239c9.4 9.4 9.4 24.6 0 33.9L246.6 467.3c-9.4 9.4-24.6 9.4-33.9 0l-22.2-22.2c-9.5-9.5-9.3-25 .4-34.3L311.4 296H24c-13.3 0-24-10.7-24-24v-32c0-13.3 10.7-24 24-24h287.4L190.9 101.2c-9.8-9.3-10-24.8-.4-34.3z\"><\/path><\/svg>\t\t\t<\/span>\n\t\t\t\t\t\t\t\t\t<span class=\"elementor-button-text\">m\u00e1s info<\/span>\n\t\t\t\t\t<\/span>\n\t\t\t\t\t<\/a>\n\t\t\t\t<\/div>\n\t\t\t\t\t\t\t\t<\/div>\n\t\t\t\t<\/div>\n\t\t\t\t<\/div>\n\t\t\t\t<\/div>\n\t\t<div class=\"elementor-element elementor-element-6c62bd0 e-con-full e-flex e-con e-child\" data-id=\"6c62bd0\" data-element_type=\"container\">\n\t\t\t\t<div class=\"elementor-element elementor-element-d218fc9 elementor-widget elementor-widget-image\" data-id=\"d218fc9\" data-element_type=\"widget\" data-widget_type=\"image.default\">\n\t\t\t\t<div class=\"elementor-widget-container\">\n\t\t\t\t\t\t\t\t\t\t\t\t\t\t\t<img decoding=\"async\" width=\"525\" height=\"295\" src=\"https:\/\/saludconcon.cl\/wp-content\/uploads\/2025\/05\/Calorias-totales-1600-KCal.png\" class=\"attachment-large size-large wp-image-930\" alt=\"\" srcset=\"https:\/\/saludconcon.cl\/wp-content\/uploads\/2025\/05\/Calorias-totales-1600-KCal.png 1366w, https:\/\/saludconcon.cl\/wp-content\/uploads\/2025\/05\/Calorias-totales-1600-KCal-300x169.png 300w\" sizes=\"(max-width: 525px) 100vw, 525px\" \/>\t\t\t\t\t\t\t\t\t\t\t\t\t\t\t<\/div>\n\t\t\t\t<\/div>\n\t\t\t\t<\/div>\n\t\t\t\t\t<\/div>\n\t\t\t\t<\/div>\n\t\t<div class=\"elementor-element elementor-element-031be0a e-flex e-con-boxed e-con e-parent\" data-id=\"031be0a\" data-element_type=\"container\">\n\t\t\t\t\t<div class=\"e-con-inner\">\n\t\t\t\t<div class=\"elementor-element elementor-element-015582a elementor-widget elementor-widget-spacer\" data-id=\"015582a\" data-element_type=\"widget\" data-widget_type=\"spacer.default\">\n\t\t\t\t<div class=\"elementor-widget-container\">\n\t\t\t\t\t\t\t<div class=\"elementor-spacer\">\n\t\t\t<div class=\"elementor-spacer-inner\"><\/div>\n\t\t<\/div>\n\t\t\t\t\t\t<\/div>\n\t\t\t\t<\/div>\n\t\t\t\t\t<\/div>\n\t\t\t\t<\/div>\n\t\t\t\t<\/div>\n\t\t","protected":false},"excerpt":{"rendered":"<p>Telemedicina y Domicilios Contamos con un equipo de medicina, nutrici\u00f3n y matronas con atenciones v\u00eda Online y Domicilios en Conc\u00f3n y Vi\u00f1a del Mar. Nuestro equipo cuenta con un compromiso de brindarte una atenci\u00f3n emp\u00e1tica, de calidad e integral en el momentos que nos necesites.\u00a0 Agenda tu hora por WhatsApp Conoce nuestros servicios de telemedicina [&hellip;]<\/p>\n","protected":false},"author":1,"featured_media":507,"parent":0,"menu_order":0,"comment_status":"closed","ping_status":"closed","template":"","meta":{"_monsterinsights_skip_tracking":false,"_monsterinsights_sitenote_active":false,"_monsterinsights_sitenote_note":"","_monsterinsights_sitenote_category":0,"footnotes":""},"class_list":["post-918","page","type-page","status-publish","has-post-thumbnail","hentry"],"aioseo_notices":[],"_links":{"self":[{"href":"https:\/\/saludconcon.cl\/index.php\/wp-json\/wp\/v2\/pages\/918","targetHints":{"allow":["GET"]}}],"collection":[{"href":"https:\/\/saludconcon.cl\/index.php\/wp-json\/wp\/v2\/pages"}],"about":[{"href":"https:\/\/saludconcon.cl\/index.php\/wp-json\/wp\/v2\/types\/page"}],"author":[{"embeddable":true,"href":"https:\/\/saludconcon.cl\/index.php\/wp-json\/wp\/v2\/users\/1"}],"replies":[{"embeddable":true,"href":"https:\/\/saludconcon.cl\/index.php\/wp-json\/wp\/v2\/comments?post=918"}],"version-history":[{"count":7,"href":"https:\/\/saludconcon.cl\/index.php\/wp-json\/wp\/v2\/pages\/918\/revisions"}],"predecessor-version":[{"id":933,"href":"https:\/\/saludconcon.cl\/index.php\/wp-json\/wp\/v2\/pages\/918\/revisions\/933"}],"wp:featuredmedia":[{"embeddable":true,"href":"https:\/\/saludconcon.cl\/index.php\/wp-json\/wp\/v2\/media\/507"}],"wp:attachment":[{"href":"https:\/\/saludconcon.cl\/index.php\/wp-json\/wp\/v2\/media?parent=918"}],"curies":[{"name":"wp","href":"https:\/\/api.w.org\/{rel}","templated":true}]}}